uppose 5*g + 14 = -16. Let q be h(g). Suppose -f = 3 - q. What is the units digit of f?
8
Let d be 620/(20/5)*9/15. Suppose -x = -2*z - 5*x + 96, 2*z + 5*x = d. What is the tens digit of z?
5
Let n(r) be the third derivative of -r**7/240 + r**6/240 + r**5/60 + 4*r**2. Let f(s) be the third derivative of n(s). What is the tens digit of f(-3)?
6
Let a = 1524 + -737. What is the hundreds digit of a?
7
Let t = -187 + 718. What is the units digit of t?
1
Suppose -6*z + 4 = -26. Suppose z*o - 52 - 63 = 0. What is the tens digit of o?
2
Let n(c) = -c**2 - 6*c - 3. Let y be n(-5). Suppose -y*p + 43 = -17. What is the units digit of (-3)/(-1*3/p)?
0
Let k = -172 + 253. What is the tens digit of k?
8
Let c be (0 - -2)*136/8. Suppose c + 26 = 4*g. What is the tens digit of g?
1
Let i = -132 - -120. Let b(u) = -23*u + 47. What is the units digit of b(i)?
3
Let d(t) be the third derivative of -t**4/12 - t**3/3 + 6*t**2. Let b be d(2). Let l(m) = -m**2 - 10*m - 7. What is the tens digit of l(b)?
1
Let h(f) = f + 2. Let v(j) = 1. Let w(z) = h(z) + 6*v(z). Let q be w(-5). Suppose 0 = -4*d - c + 93, -c - 24 = -2*d + q*c. What is the units digit of d?
2
Suppose -3*i - 6*i = -2484. Suppose -i = -g - 84. What is the hundreds digit of g?
1
Let t(l) = -6*l**3 - 4*l**3 - 6*l**2 + 11*l**3 - 10 + 8*l + 3*l. What is the units digit of t(7)?
6
Let z be (-3304)/(-40) + 4/10. Suppose -3*y + z = -4*y. Let o = y + 120. What is the tens digit of o?
3
Let b(m) be the first derivative of 1/2*m**2 + 7*m**3 - 5 - m. What is the tens digit of b(1)?
2
Suppose -n = n - 52. Let b = n - 25. What is the tens digit of 47 + (2 - b) - 0?
4
What is the tens digit of 8175*(48/15)/8?
7
Suppose 2*z + 3*o = 3*z + 4, -4*z - 80 = 4*o. Let p = 133 + z. What is the tens digit of p?
1
Let w(v) = 18*v**2 - 8*v - 127. What is the hundreds digit of w(-6)?
5
What is the tens digit of 1*471*(-20)/(-60)?
5
Suppose -3 = -h - 0*h - 2*c, 3*h - c = 16. What is the units digit of 626/4 + ((-10)/4)/h?
6
Let u(f) = -15*f + 442. What is the hundreds digit of u(14)?
2
Let r(n) = 216*n**2 + 6*n + 5. What is the tens digit of r(-1)?
1
Suppose -3*i = -3*w - 2 - 7, 2*i - 3*w - 4 = 0. What is the units digit of i + (-1)/(4/4)?
4
Let l(g) = g**2 + 5*g - 14. Let a be l(-7). Suppose z + 1 - 319 = a. What is the tens digit of z?
1
Let s be 14*(19 - (-2 - -5)). Suppose 7*u = -u + s. What is the tens digit of u?
2
Let b be (2/4)/((-1)/2). Let z(g) be the first derivative of 8*g**3 - 44. What is the units digit of z(b)?
4
Let d be 6*((-244)/8 - -1). Let b = 299 + d. Suppose -2*f + 2*g - 5*g = -42, 0 = -5*f + g + b. What is the units digit of f?
4
Let v = -38 - -43. Suppose -y = -v*i - 160, 0 = 4*y - 5*i - 480 - 190. What is the hundreds digit of y?
1
What is the tens digit of (104972/184)/((-1)/(-2))?
4
Let c(y) = y**3 + 1736. Let q be c(0). Suppose 4*p = -2*k + 874, k + 3*k + 5*p = q. What is the tens digit of k/21 + (-12)/(-21)?
2
Let d(q) be the first derivative of 4*q - 1/2*q**2 + 1/4*q**4 + 4/3*q**3 + 4. What is the units digit of d(-4)?
8
What is the units digit of -7 + 847/7 - 6?
8
Let a(r) = -r**3 - 3*r**2 - 3*r + 4. Let k be a(-4). Let l = 7 - -45. Let t = l - k. What is the units digit of t?
0
Let k(z) = -2*z**3 - 16*z**2 - 8*z - 15. Let w(y) = y**3 + 8*y**2 + 4*y + 7. Let n(b) = 3*k(b) + 7*w(b). What is the tens digit of n(-5)?
5
Let w(u) = -2*u**3 - 4*u**2 - 5*u - 5. Let i be w(-5). Suppose 2*d - 4*j - i = 0, 7*d + j = 2*d + 414. What is the tens digit of d?
8
Let s(m) = 86*m**2 + 35*m + 16. What is the tens digit of s(-5)?
9
Suppose -91*k + 183 = -94*k. Let d = -81 - -179. Let a = d + k. What is the tens digit of a?
3
Let w = 201 + 597. What is the hundreds digit of w?
7
Let p(k) = 8*k**2 + 3*k - 5. Suppose 9*r + 7 = 43. What is the tens digit of p(r)?
3
Suppose -3*c + 3794 = -c + d, 5*c = -4*d + 9482. What is the units digit of c?
8
Let v(x) = -x + 13. Let o be v(9). Suppose -5*r - o*p + 3*p = -15, 2*r = -2*p - 2. Suppose r*c = 5 + 3. What is the units digit of c?
2
Let c(b) = b**2 + 18*b - 11. Let q be c(-19). Suppose q*x - 4*x = 100. What is the units digit of x?
5
Let f(p) = 2*p**2 - 23*p. Let n be f(12). Suppose 3*z + 3 = -j + 2, 4*z = -n. Suppose j - 26 = -3*v. What is the units digit of v?
6
Let n(u) = u**3 - 2*u**2 + 3*u - 2. Suppose 0*k = -2*k - 3*m + 13, 2*k + m = 7. Let q be n(k). What is the units digit of 177/q - (-3)/(-12)?
4
Let p(t) = t**3 + t - 2. Let o be p(2). Let q = 4 + o. Let j = q + -9. What is the units digit of j?
3
Let p = -2481 + 3542. What is the hundreds digit of p?
0
Let g = -43 - -24. Let f = g + 124. What is the hundreds digit of f?
1
Let o = 30 + -116. Let c = 126 + o. What is the tens digit of c?
4
Let m = 1129 - 478. What is the units digit of m?
1
Let y be (12/(-20))/(-2 + (-29)/(-15)). Let w(a) = a**3 - 4*a**2 - 29*a - 5. What is the tens digit of w(y)?
3
Let n(i) = 2*i**2 - 5*i + 19. Let w be n(8). Let y = w + 24. What is the units digit of y?
1
What is the tens digit of (3129/6)/1 + (-11)/(-22)?
2
Let c(t) be the third derivative of -t**4/12 - t**3/2 + 2*t**2. Let r be c(-9). Suppose 2*y - 61 = -3*b, -y = 3*b - 77 + r. What is the units digit of b?
1
Let i = -22 + 22. Suppose i = k - 3*k + 8. What is the units digit of k?
4
Let z(a) = a**3 - 7*a**2 + 5*a + 9. Let d(w) = w**2 - 12*w + 11. Let x be d(10). Let n be ((-21)/x)/(3/9). What is the tens digit of z(n)?
4
What is the thousands digit of (17 - 464/64)/(1/144)?
1
Suppose 4*n - 2*k - 52 = 0, -n - k + 34 = 2*n. Suppose n*q + q = 884. What is the tens digit of q?
6
Let x = 19 - 15. Suppose -4*f = 4*q - 340, 3*q - 343 = -x*f - 0*f. Suppose -3*h + d + f = 0, -44 = -h + d + 3*d. What is the units digit of h?
8
Suppose -337*x = -341*x + 3536. What is the hundreds digit of x?
8
What is the tens digit of 3154/8 - (4 - 15/4)?
9
Let c(h) = -h**3 + 6*h**2 - 6*h + 2. Let x be 3 - (-21 + 3 - -1). Suppose 8*y - x = 3*y. What is the tens digit of c(y)?
1
Let n(b) = -b**2 + 52*b - 80. What is the hundreds digit of n(28)?
5
Let x be 4/2 + (0 - -1). Suppose -27*r + 675 = 27. Suppose -r = -x*h - 0*h. What is the units digit of h?
8
Let i be (-57475)/(-57) - (-1)/(-3). Suppose 9*f - i = 2*f. Suppose 0*g - 4*g + f = 0. What is the units digit of g?
6
Let q(w) = -3*w + 4*w + 31 + 36 + 166*w**2 - 68. What is the hundreds digit of q(1)?
1
Let a be (-1)/(-3) - 940/(-6). Suppose 25 = 3*r - 4*t - a, -r + 4*t + 74 = 0. What is the units digit of r?
4
Let p = -113 + 572. What is the units digit of p?
9
Let n be 485/20 - (-2)/(-8). Let z = 50 - n. Suppose 0 = -3*q - 11 + z. What is the units digit of q?
5
Let d(j) = -176*j - 259. What is the units digit of d(-7)?
3
What is the tens digit of (-93)/(-15) + -7 + 55256/20?
6
Let b be (-8)/((-4 + 0 - -3)/3). Let v(w) = w + 4. Let m be v(-4). Suppose -2*h + 2*q = -b, h + 2*q - 4*q - 14 = m. What is the tens digit of h?
1
Let s(q) = -q**3 - 4*q**2 + 2. Let g be s(-2). Let d be (-9)/15 + g/15. What is the tens digit of (d/(-3))/((-3)/(-252))?
2
Let y(a) be the second derivative of -a**5/10 + a**3/3 + a**2 - 10*a. Let d be y(-2). What is the tens digit of (-3 - -2)*(0 - d)?
1
Let z(f) = f - 3. Let b be z(7). Suppose b*d = -0*d. Let a(v) = v + 3. What is the units digit of a(d)?
3
Suppose -5*k + 9*p = 3*p - 4391, 3*p + 3511 = 4*k. What is the units digit of k?
7
Suppose 37*y = 34*y + h + 2570, 4*h = -5*y + 4306. What is the hundreds digit of y?
8
Let n = 13 - 7. What is the tens digit of 38 - ((-1 - 1) + n)?
3
Suppose 4*v - 3*s + 5 = 0, 4*s + 9 - 25 = -4*v. Let x = -4 + v. Let y(l) = l**3 + 5*l**2 - 3*l - 2. What is the tens digit of y(x)?
2
Let y(j) be the third derivative of j**5/30 + 13*j**4/12 + 9*j**3 + j**2. What is the units digit of y(-15)?
4
Suppose 0*r = -3*v + r + 13, -5*r = 3*v - 7. Suppose v*d = -15 - 37. What is the units digit of 28 + d - (0 - 2)?
7
Suppose 5*f - 9*f = r + 11, 4*f - 5*r = 7. Let x(q) = 29*q**2 + 5*q + 4. What is the tens digit of x(f)?
1
Let p(v) = 4*v**2 - 108*v + 101. What is the units digit of p(31)?
7
Let o = 163 - 51. Suppose 0 = -27*a + 29*a - o. Suppose a = 3*f - 2*f. What is the tens digit of f?
5
Let d = -152 + 283. Suppose 47 = o - d. What is the tens digit of o?
7
Let z = -141 - -150. What is the units digit of z?
9
Let c = 572 + -392. Suppose -3*p = -7*p + c. S